i + 134 = 5*z, 4*z + 2*i = 6*i + 100. What is the highest common divisor of z and 39?
13
Let m = -22 - -36. What is the greatest common divisor of m and 2?
2
Suppose 8 = 2*h - 6. Let g(j) = j**3 - 8*j**2 + 10*j - 7. Let y be g(h). Let b be 88/6 + (-2)/3. Calculate the greatest common factor of y and b.
14
Let s be ((-4)/10)/(30/(-825)). Suppose 0*j = 2*j - 5*z - 7, -j + 14 = z. Calculate the greatest common factor of j and s.
11
Let z be (-6)/(-3) + 0 - 90/(-3). Calculate the highest common divisor of 224 and z.
32
Let j(c) = -c**2 - 23*c + 20. Let t be j(-13). Calculate the highest common factor of t and 30.
30
Suppose m + l - 23 = 0, -2*l - 9 - 55 = -3*m. Let r be 4/m + 42/11. Calculate the greatest common divisor of 8 and r.
4
Let t(b) = -17*b. Let w be t(-5). Let d(g) = 4*g**2 + g - 1. Let r be 1*-6*(-3)/9. Let c be d(r). What is the highest common divisor of w and c?
17
Suppose 4*m - 185 - 103 = 0. Suppose -2*s = 2*f - 222, 4*s - f - 537 = -s. Calculate the highest common divisor of m and s.
36
Let f(v) = 2*v + 19. Let h be f(-8). Suppose -h*p + 6 + 21 = 0. Calculate the highest common factor of p and 45.
9
Let y be 12/7 - 4/(-14). Suppose -y*b + 9 = i, 3*b = 2*b - 3*i + 17. Let z be (-53 + b/(-1))/(-1). Calculate the greatest common divisor of 11 and z.
11
Suppose -2*p = -4*y + 142 - 4, 3*y + 3*p = 117. Suppose 3*u + 1 = -5. Let j be 65/15 + u/6. Calculate the highest common factor of y and j.
4
Suppose 5*w + 25 = 0, 4*i + 2*w = 3*w + 13. Calculate the greatest common divisor of 18 and i.
2
Let k = 4 - 2. Suppose g - k = 16. Suppose 2*z - 5*z = -g. Calculate the greatest common divisor of 48 and z.
6
Let a = -80 + 159. Suppose -4*s - 52 = -2*w + 30, 2*w - 3*s = a. Calculate the highest common divisor of 5 and w.
5
Let w(z) = 6*z**3 - 2*z**3 + 2*z**2 - 3*z**2. Let o be w(1). Suppose 0 = 3*n + 4*i - 18, n = o*n - 4*i - 32. Calculate the highest common factor of n and 25.
5
Let o = 49 + 55. What is the highest common factor of o and 13?
13
Let m(l) = -11*l + 15. Let b be m(-5). Calculate the highest common factor of b and 28.
14
Suppose -52 = -2*d + 4. Suppose -d = -k - 3*t, 4*k = -5*t + 63 + 14. What is the greatest common factor of 117 and k?
13
Let s be (-1 + 3)/1 + -20. Let z = s + 25. What is the highest common factor of z and 14?
7
Suppose 0 = 2*i + 5*b + 94, 0*b = 2*i - 3*b + 62. Let y = i + 127. Suppose y = 4*r - 2*k, 0*r - r + 18 = 4*k. Calculate the greatest common factor of 66 and r.
22
Suppose -500 = -10*c + 5*c. Calculate the greatest common divisor of 20 and c.
20
Suppose b = -0 + 2, 2*b = -5*f + 319. Let j be 1561/f - (-4)/18. Calculate the greatest common factor of 5 and j.
5
Suppose 0 = -2*n - 0*n - 4*a - 6, 0 = -3*n - 4*a - 1. Suppose -24 = -n*d + 2*d. Let u be 2/(-4) - (-531)/6. Calculate the greatest common factor of u and d.
8
Let v(s) = s**2 + s + 5. Let h be v(0). Suppose 0 = -h*l + l + 28. Calculate the greatest common divisor of l and 35.
7
Let t = -10 + 21. Let m(r) = r**2 - r + 121. Let x be m(0). Calculate the highest common factor of x and t.
11
Suppose -2*i = 5*r - 472, -6 + 2 = i. What is the greatest common factor of r and 12?
12
Let y(g) = g**2 - 3*g - 2. Let f be y(4). Let n(z) = -1 - z + 5*z + 16*z**f - 5*z. Let a be n(-1). Calculate the highest common divisor of 80 and a.
16
Let v(d) = -d**3 - d**2 - 5*d - 4. Let x be v(-6). Suppose 2*s = -5*w + 212, 2*s = 5*w - 2*s - x. Calculate the highest common divisor of 63 and w.
21
Let c(g) = -g + 20. Let y be c(-20). What is the highest common divisor of 8 and y?
8
Let z be (-90)/(-4)*60/25. Suppose 2*j - 3*j = -z. Suppose 3*u - 11 - 7 = 0. Calculate the greatest common divisor of u and j.
6
Let i(a) = -a**3 + 8*a**2 + 8. Let c be i(6). What is the greatest common factor of 32 and c?
16
Let b = -17 + 40. What is the greatest common divisor of b and 207?
23
Suppose 13*r = -10*r + 322. Suppose -4*s - s + 770 = 0. Calculate the greatest common factor of r and s.
14
Let k be -2*((-22)/4 + 3). Suppose 105 = k*a + 15. What is the highest common factor of a and 198?
18
Let t be 4/(0 + 4/46). Suppose 4*c = t - 10. Let n be 17/(-17) - (-9 - 1). What is the highest common divisor of n and c?
9
Let c be 2*102/(-9)*-3. Suppose -2*j + c = 2*j. Calculate the highest common factor of 17 and j.
17
Suppose -h = -2*c - 63, -2*h + 4*c = -7*h + 357. Let y = -99 + h. Let s = y - -65. What is the highest common factor of s and 7?
7
Suppose 14*a - 32 = 12*a. What is the highest common divisor of a and 112?
16
Suppose 0 = 2*s + 3*s + 10, -3*j = -2*s - 19. Suppose -n + j = 1. Suppose 0*c - n*c = -156. What is the highest common divisor of c and 26?
13
Let z(h) = h + 4. Let a be z(7). What is the highest common factor of a and 99?
11
Let m = 43 - 23. Suppose 0 = q - 0*q - 5. Calculate the greatest common factor of m and q.
5
Let a be ((-4)/2)/6*-33. What is the highest common divisor of 99 and a?
11
Suppose m - 6*m + 50 = 0. Suppose -q = -2*q - m. Let a be ((-24)/(-16))/((-1)/q). Calculate the highest common divisor of 5 and a.
5
Suppose -73 = -5*n + 32. What is the highest common divisor of n and 168?
21
Suppose -4*b - 2*b + 396 = 0. Suppose -4*h = -5*h + 6. Calculate the highest common factor of b and h.
6
Let o(k) = 10*k**2 + k + 2. Suppose 4*v + 2*c - 34 = 0, -v = 2*c - 3*c - 7. Suppose -3*a - v = a. Let y be o(a). What is the greatest common divisor of 5 and y?
5
Suppose 0 = 6*l - 5*l - 20. Calculate the highest common divisor of 2 and l.
2
Let l(z) = z**3 + 3*z**2 + z. Let t be l(-3). Suppose m + 0*m = -o + 2, -3*o = -m - 6. Let k be 6*(m + t/(-6)). Calculate the highest common factor of 18 and k.
3
Suppose 34 = 5*f - 21. What is the greatest common factor of f and 88?
11
Let a(o) = o**2 - 9*o + 9. Let y be a(8). Calculate the greatest common factor of 5 and y.
1
Let i(n) = -n**3 - n**2 + 6*n + 6. Let w be i(-4). Suppose -r + 0*y = 4*y + 2, 3*y = 4*r - w. Calculate the highest common factor of r and 12.
6
Let d(a) = a**3 - 7*a**2 + 4*a + 5. Let s be d(4). Let u be s/(-12)*8/3. Let x be 3*(0 + 8/u). What is the greatest common factor of 28 and x?
4
Suppose 5*w = 3*w + 4*n + 250, 0 = 4*w + 3*n - 445. Calculate the highest common divisor of 46 and w.
23
Let k be (-3)/(-2 - 1) - -5. Let v be ((-4)/k)/(2/(-12)). Let n = 13 - v. Calculate the highest common factor of 81 and n.
9
Let o(r) = r**2 + r + 11. Let i be o(0). Let a = 541 - 270. Let f = a - 150. What is the greatest common divisor of f and i?
11
Let y(s) = 5*s**2 + 4*s + 6. Let v be y(-2). Calculate the highest common divisor of 198 and v.
18
Suppose 2 = -16*m + 17*m. Calculate the greatest common factor of 38 and m.
2
Let l = -3 - -23. What is the greatest common divisor of 10 and l?
10
Suppose -2*j + 76 = -4*g, 0 = -5*g - 2*j - 32 - 45. Let p = 24 + g. Let d(c) = -5*c + 3. Let m be d(-5). Calculate the greatest common factor of m and p.
7
Let m = 64 + -42. Let b = m + -6. Suppose -3*d + b = -35. What is the highest common divisor of 119 and d?
17
Suppose -31*r + 9*r = -352. What is the highest common factor of 48 and r?
16
Suppose -52 = -5*o + q - 4, 10 = 2*o - 5*q. Let x(g) = -13*g - 8. Let b be x(-6). Calculate the highest common divisor of o and b.
10
Let u = 152 - -232. What is the greatest common factor of 12 and u?
12
Let q = 46 + -28. Let u(r) = r**2 + 4*r + 6. Let l be u(-6). What is the highest common factor of l and q?
18
Suppose -5*c + 3*w = 33, -5*c + c + 2*w = 26. Let o be ((-10)/c)/(2/78). Suppose 2*d - o = 25. What is the highest common factor of d and 9?
9
Suppose -4*x + 949 = 157. Suppose -447 = -5*z + 2*r, 0*z - 4*r = 2*z - x. Calculate the highest common divisor of 13 and z.
13
Suppose -3*t = -5*j + 2*t + 20, -3*j = 2*t - 7. Suppose b - 2*r + 38 = 5*b, -2*b = -2*r - 16. Calculate the highest common divisor of j and b.
3
Suppose 2*y - 206 = -2*c, -4 = 3*c - c. Calculate the highest common divisor of 15 and y.
15
Let o(h) = h**3 + 5*h**2 - 6*h + 5. Let g be o(-6). Suppose -g*n + 31 = -24. Calculate the highest common factor of 33 and n.
11
Let o = -19 + 18. Suppose -2*k = -7 - 1. Let c = k + o. What is the highest common divisor of c and 27?
3
Suppose -102 = -i - i. Let c be (-2)/(2*2/(-68)). What is the highest common divisor of i and c?
17
Let i(c) = 2*c**3 - 6*c**2 + 10. Let w be i(5). Let a(n) = -n**3 